{"id":721,"date":"2025-06-24T17:28:56","date_gmt":"2025-06-24T17:28:56","guid":{"rendered":"https:\/\/hta-trader-academy.com\/?page_id=721"},"modified":"2025-11-10T11:51:53","modified_gmt":"2025-11-10T11:51:53","slug":"kurs-4","status":"publish","type":"page","link":"https:\/\/hta-trader-academy.com\/?page_id=721","title":{"rendered":"Elite Programm"},"content":{"rendered":"<div data-colibri-id=\"721-c1\" class=\"style-367 style-local-721-c1 position-relative\">\n  <!---->\n  <div data-colibri-component=\"section\" data-colibri-id=\"721-c2\" id=\"west-Chelsie\" class=\"h-section h-section-global-spacing d-flex align-items-lg-center align-items-md-center align-items-center style-377 style-local-721-c2 position-relative\">\n    <!---->\n    <!---->\n    <div class=\"h-section-grid-container h-section-boxed-container\">\n      <!---->\n      <div data-colibri-id=\"721-c3\" class=\"h-row-container gutters-row-lg-2 gutters-row-md-2 gutters-row-0 gutters-row-v-lg-2 gutters-row-v-md-2 gutters-row-v-2 style-808 style-local-721-c3 position-relative\">\n        <!---->\n        <div class=\"h-row justify-content-lg-center justify-content-md-center justify-content-center align-items-lg-stretch align-items-md-stretch align-items-stretch gutters-col-lg-2 gutters-col-md-2 gutters-col-0 gutters-col-v-lg-2 gutters-col-v-md-2 gutters-col-v-2\">\n          <!---->\n          <div class=\"h-column h-column-container d-flex h-col-lg-auto h-col-md-auto h-col-auto style-809-outer style-local-721-c4-outer\">\n            <div data-colibri-id=\"721-c4\" class=\"d-flex h-flex-basis h-column__inner h-ui-empty-state-container h-px-lg-2 h-px-md-2 h-px-2 v-inner-lg-2 v-inner-md-2 v-inner-2 style-809 style-local-721-c4 position-relative\">\n              <!---->\n              <!---->\n              <div class=\"w-100 h-y-container h-column__content h-column__v-align flex-basis-100\">\n                <!---->\n              <\/div>\n            <\/div>\n          <\/div>\n        <\/div>\n      <\/div>\n      <div data-colibri-id=\"721-c5\" class=\"h-row-container gutters-row-lg-2 gutters-row-md-2 gutters-row-2 gutters-row-v-lg-2 gutters-row-v-md-2 gutters-row-v-2 style-378 style-local-721-c5 position-relative\">\n        <!---->\n        <div class=\"h-row justify-content-lg-center justify-content-md-center justify-content-center align-items-lg-stretch align-items-md-stretch align-items-stretch gutters-col-lg-2 gutters-col-md-2 gutters-col-2 gutters-col-v-lg-2 gutters-col-v-md-2 gutters-col-v-2\">\n          <!---->\n          <div class=\"h-column h-column-container d-flex h-col-lg-auto h-col-md-auto h-col-auto style-380-outer style-local-721-c6-outer\">\n            <div data-colibri-id=\"721-c6\" class=\"d-flex h-flex-basis h-column__inner h-px-lg-0 h-px-md-0 h-px-2 v-inner-lg-0 v-inner-md-0 v-inner-2 style-380 style-local-721-c6 position-relative\">\n              <!---->\n              <!---->\n              <div class=\"w-100 h-y-container h-column__content h-column__v-align flex-basis-100 align-self-lg-center align-self-md-center align-self-center\">\n                <!---->\n                <div data-colibri-id=\"721-c7\" class=\"h-global-transition-all h-heading style-548 style-local-721-c7 position-relative h-element\">\n                  <!---->\n                  <div class=\"h-heading__outer style-548 style-local-721-c7\">\n                    <!---->\n                    <!---->\n                    <h2 class=\"\">Die Masterclass \u2013 dein Weg zum professionellen Trader<\/h2>\n                  <\/div>\n                <\/div>\n                <div data-colibri-component=\"video\" data-colibri-id=\"721-c8\" class=\"d-block h-video d-block h-video style-810 style-local-721-c8 position-relative h-element\">\n                  <!---->\n                  <!---->\n                  <div class=\"video-container position-relative\">\n                    <div class=\"h-global-transition-all ratio-inner\"><iframe src=https:\/\/www.youtube.com\/embed\/HIhTHhPBCTI?autoplay=0&#038;mute=0&#038;modestbranding=0&#038;rel=0&#038;enablejsapi=1&#038; class='h-video-main'  allowfullscreen><\/iframe><\/div>\n                  <\/div>\n                <\/div>\n                <div data-colibri-id=\"721-c10\" class=\"h-text h-text-component style-549 style-local-721-c10 position-relative h-element\">\n                  <!---->\n                  <!---->\n                  <div class=\"\">\n                    <p>Diese Masterclass ist weit mehr als nur ein Kurs, sie ist eine <strong style=\"color: rgb(235, 195, 153);\">vollst\u00e4ndige Ausbildung<\/strong>, die dich Schritt f\u00fcr Schritt vom Einsteiger zum strukturiert arbeitenden Trader f\u00fchrt. Du bekommst\n                      nicht nur Zugang zu allen drei Kursen, sondern wirst zus\u00e4tzlich \u00fcber drei Monate hinweg<span style=\"color: rgb(235, 195, 153);\"> <\/span><strong style=\"color: rgb(235, 195, 153);\">pers\u00f6nlich im 1:1 Coaching begleitet<\/strong>. Das\n                      bedeutet: Du lernst nicht nur Theorie, sondern wendest alles Gelernte direkt in der Praxis an mit individueller Unterst\u00fctzung an deiner Seite.<\/p>\n                    <p>Die Masterclass richtet sich an alle, die Trading <strong style=\"color: rgb(235, 195, 153);\">ernst nehmen<\/strong> und nicht einfach nur \u201eein bisschen reinschnuppern\u201c wollen. Wenn du dir eine <strong style=\"color: rgb(235, 195, 153);\">klare Struktur, fundiertes Wissen und pers\u00f6nliche Begleitung<\/strong>                      w\u00fcnschst, findest du hier alles, was du brauchst in einem einzigen, aufeinander abgestimmten Gesamtpaket.<\/p>\n                    <h3><strong style=\"color: rgb(235, 195, 153);\">Was dich erwartet<\/strong><\/h3>\n                    <p>\u2022 Basiskurs f\u00fcr Einsteiger: Chartaufbau, Candlesticks, Marktdynamik, Grundlagen des Tradings\n                      <br> \u2022 Market Profile Basiskurs: Strukturierte Analyse, Marktverst\u00e4ndnis, Volumenprofil, Time Price Opportunities\n                      <br> \u2022 Market Profile Strategien: Konkrete Strategien, Einstiege, Setups, Trade Management\n                      <br> \u2022 <strong style=\"color: rgb(235, 195, 153);\">Order Flow Kurs<\/strong> (neu): Volumen, Footprint-Charts, Marktbewegung, professionelle Setups\n                      <br> \u2022 3 Monate pers\u00f6nliches 1:1 Coaching: Direkter Austausch, Analyse deiner Trades, gezieltes Feedback<\/p>\n                    <p>Dieses Programm verbindet <strong style=\"color: rgb(235, 195, 153);\">Wissen mit Umsetzung.<\/strong><strong> <\/strong>Du lernst nicht nur, was zu tun ist, sondern auch, <strong style=\"color: rgb(235, 195, 153);\">wie du es erfolgreich machst<\/strong>\n                      <span\n                        style=\"color: rgb(235, 195, 153);\">.<\/span>\n                        <br> Durch die enge Begleitung vermeidest du typische Anf\u00e4ngerfehler, entwickelst Routine und baust dir eine professionelle Herangehensweise auf, die nachhaltig funktioniert.<\/p>\n                    <p>Wenn du Trading <strong style=\"color: rgb(235, 195, 153);\">nicht dem Zufall \u00fcberlassen<\/strong> willst, ist diese Masterclass deine beste Entscheidung.\n                      <br> Mehr Klarheit. Mehr Struktur. Mehr Ergebnisse.<\/p>\n                    <p>Starte jetzt und hebe dein Trading auf das h\u00f6chste Niveau mit der Masterclass f\u00fcr <strong>20.000 CHF<\/strong>.<\/p>\n                    <p>\n                      <br>\n                    <\/p>\n                  <\/div>\n                <\/div>\n              <\/div>\n            <\/div>\n          <\/div>\n        <\/div>\n      <\/div>\n      <div data-colibri-id=\"721-c11\" class=\"h-row-container gutters-row-lg-2 gutters-row-md-2 gutters-row-0 gutters-row-v-lg-2 gutters-row-v-md-2 gutters-row-v-2 style-938 style-local-721-c11 position-relative\">\n        <!---->\n        <div class=\"h-row justify-content-lg-center justify-content-md-center justify-content-center align-items-lg-stretch align-items-md-stretch align-items-stretch gutters-col-lg-2 gutters-col-md-2 gutters-col-0 gutters-col-v-lg-2 gutters-col-v-md-2 gutters-col-v-2\">\n          <!---->\n          <div class=\"h-column h-column-container d-flex h-col-lg-auto h-col-md-auto h-col-auto style-939-outer style-local-721-c12-outer\">\n            <div data-colibri-id=\"721-c12\" class=\"d-flex h-flex-basis h-column__inner h-px-lg-2 h-px-md-2 h-px-2 v-inner-lg-2 v-inner-md-2 v-inner-2 style-939 style-local-721-c12 position-relative\">\n              <!---->\n              <!---->\n              <div class=\"w-100 h-y-container h-column__content h-column__v-align flex-basis-100 align-self-lg-start align-self-md-start align-self-start\">\n                <!---->\n                <div data-colibri-id=\"721-c13\" class=\"h-x-container style-941 style-local-721-c13 position-relative h-element\">\n                  <!---->\n                  <div class=\"h-x-container-inner style-dynamic-721-c13-group style-941-spacing style-local-721-c13-spacing\"><span class=\"h-button__outer style-942-outer style-local-721-c14-outer d-inline-flex h-element\"><a h-use-smooth-scroll=\"true\" href=\"https:\/\/htatrader.simplybook.me\/v2\/?preview=1&amp;theme_id=7&amp;widget-type=iframe&amp;is_rtl=0&amp;timeline=modern&amp;datepicker=top_calendar#book\"  data-colibri-id=\"721-c14\" class=\"d-flex w-100 align-items-center h-button justify-content-lg-center justify-content-md-center justify-content-center style-942 style-local-721-c14 position-relative\"><!----><!----> <span>STARTE JETZT<\/span><\/a>\n                    <\/span>\n                  <\/div>\n                <\/div>\n              <\/div>\n            <\/div>\n          <\/div>\n        <\/div>\n      <\/div>\n    <\/div>\n  <\/div>\n  <div data-colibri-component=\"section\" data-colibri-id=\"721-c15\" id=\"school-section-1\" class=\"h-section h-section-global-spacing d-flex align-items-lg-center align-items-md-center align-items-center style-368 style-local-721-c15 position-relative\">\n    <div class=\"background-wrapper\">\n      <div class=\"background-layer background-layer-media-container-lg\">\n        <!---->\n        <div class=\"overlay-layer\">\n          <div class=\"overlay-image-layer\" style=\"background-color: rgb(0, 0, 0); opacity: 0.83;\"><\/div>\n        <\/div>\n      <\/div>\n      <div class=\"background-layer background-layer-media-container-md\">\n        <!---->\n        <div class=\"overlay-layer\">\n          <div class=\"overlay-image-layer\" style=\"background-color: rgb(0, 0, 0); opacity: 0.83;\"><\/div>\n        <\/div>\n      <\/div>\n      <div class=\"background-layer background-layer-media-container\">\n        <!---->\n        <div class=\"overlay-layer\">\n          <div class=\"overlay-image-layer\" style=\"background-color: rgb(0, 0, 0); opacity: 0.83;\"><\/div>\n        <\/div>\n      <\/div>\n    <\/div>\n    <!---->\n    <div class=\"h-section-grid-container h-section-boxed-container\">\n      <div data-colibri-id=\"721-c18\" class=\"h-row-container gutters-row-lg-2 gutters-row-md-2 gutters-row-0 gutters-row-v-lg-2 gutters-row-v-md-2 gutters-row-v-2 style-371 style-local-721-c18 position-relative\">\n        <!---->\n        <div class=\"h-row justify-content-lg-center justify-content-md-center justify-content-center align-items-lg-stretch align-items-md-stretch align-items-stretch gutters-col-lg-2 gutters-col-md-2 gutters-col-0 gutters-col-v-lg-2 gutters-col-v-md-2 gutters-col-v-2\">\n          <!---->\n          <div class=\"h-column h-column-container d-flex h-col-lg-auto h-col-md-auto h-col-auto style-372-outer style-local-721-c19-outer\">\n            <div data-colibri-id=\"721-c19\" class=\"d-flex h-flex-basis h-column__inner h-px-lg-2 h-px-md-2 h-px-2 v-inner-lg-2 v-inner-md-2 v-inner-2 style-372 style-local-721-c19 position-relative\">\n              <!---->\n              <!---->\n              <div class=\"w-100 h-y-container h-column__content h-column__v-align flex-basis-100 align-self-lg-start align-self-md-start align-self-start\">\n                <!---->\n                <div data-colibri-id=\"721-c20\" class=\"h-global-transition-all h-heading style-535 style-local-721-c20 position-relative h-element\">\n                  <!---->\n                  <div class=\"h-heading__outer style-535 style-local-721-c20\">\n                    <!---->\n                    <!---->\n                    <h2 class=\"\">Kostenfreies Erstgespr\u00e4ch vereinbaren<\/h2>\n                  <\/div>\n                <\/div>\n                <div data-colibri-id=\"721-c21\" class=\"h-x-container style-536 style-local-721-c21 position-relative h-element\">\n                  <!---->\n                  <div class=\"h-x-container-inner style-dynamic-721-c21-group style-536-spacing style-local-721-c21-spacing\"><span class=\"h-button__outer style-537-outer style-local-721-c22-outer d-inline-flex h-element\"><a h-use-smooth-scroll=\"true\" href=\"https:\/\/htatrader.simplybook.me\/v2\/?preview=1&amp;theme_id=7&amp;widget-type=iframe&amp;is_rtl=0&amp;timeline=modern&amp;datepicker=top_calendar#book\"  data-colibri-id=\"721-c22\" class=\"d-flex w-100 align-items-center h-button justify-content-lg-center justify-content-md-center justify-content-center style-537 style-local-721-c22 position-relative\"><!----><!----> <span>Jetzt Termin buchen<\/span><\/a>\n                    <\/span>\n                  <\/div>\n                <\/div>\n                <div data-colibri-id=\"721-c23\" class=\"h-lead h-text h-text-component style-538 style-local-721-c23 position-relative h-element\">\n                  <!---->\n                  <!---->\n                  <div class=\"\">\n                    <p>Lass uns gemeinsam besprechen, wie du dein Trading aufs n\u00e4chste Level bringst. Buche jetzt dein unverbindliches Kennenlerngespr\u00e4ch!<\/p>\n                  <\/div>\n                <\/div>\n              <\/div>\n            <\/div>\n          <\/div>\n        <\/div>\n      <\/div>\n      <div data-colibri-id=\"721-c16\" class=\"h-row-container gutters-row-lg-0 gutters-row-md-0 gutters-row-0 gutters-row-v-lg-0 gutters-row-v-md-0 gutters-row-v-0 style-369 style-local-721-c16 position-relative\">\n        <!---->\n        <div class=\"h-row justify-content-lg-center justify-content-md-center justify-content-center align-items-lg-stretch align-items-md-stretch align-items-stretch gutters-col-lg-0 gutters-col-md-0 gutters-col-0 gutters-col-v-lg-0 gutters-col-v-md-0 gutters-col-v-0\">\n          <!---->\n          <div class=\"h-column h-column-container d-flex h-col-lg-auto h-col-md-auto h-col-auto style-370-outer style-local-721-c17-outer h-hide-lg h-hide-md\">\n            <div data-colibri-id=\"721-c17\" class=\"d-flex h-flex-basis h-column__inner h-ui-empty-state-container h-px-lg-0 h-px-md-0 h-px-0 v-inner-lg-0 v-inner-md-0 v-inner-0 style-370 style-local-721-c17 h-hide-lg h-hide-md position-relative\">\n              <!---->\n              <!---->\n              <div class=\"w-100 h-y-container h-column__content h-column__v-align flex-basis-100\">\n                <!---->\n              <\/div>\n            <\/div>\n          <\/div>\n        <\/div>\n      <\/div>\n    <\/div>\n  <\/div>\n<\/div>","protected":false},"excerpt":{"rendered":"<p>Die Masterclass \u2013 dein Weg zum professionellen Trader Diese Masterclass ist weit mehr als nur ein Kurs, sie ist eine vollst\u00e4ndige Ausbildung, die dich Schritt f\u00fcr Schritt vom Einsteiger zum strukturiert arbeitenden Trader f\u00fchrt. Du bekommst nicht nur Zugang zu allen drei Kursen, sondern wirst zus\u00e4tzlich \u00fcber drei Monate hinweg pers\u00f6nlich im 1:1 Coaching begleitet. [&hellip;]<\/p>\n","protected":false},"author":1,"featured_media":0,"parent":0,"menu_order":0,"comment_status":"closed","ping_status":"closed","template":"page-templates\/full-width-page.php","meta":{"footnotes":""},"class_list":["post-721","page","type-page","status-publish","hentry"],"jetpack_sharing_enabled":true,"_links":{"self":[{"href":"https:\/\/hta-trader-academy.com\/index.php?rest_route=\/wp\/v2\/pages\/721","targetHints":{"allow":["GET"]}}],"collection":[{"href":"https:\/\/hta-trader-academy.com\/index.php?rest_route=\/wp\/v2\/pages"}],"about":[{"href":"https:\/\/hta-trader-academy.com\/index.php?rest_route=\/wp\/v2\/types\/page"}],"author":[{"embeddable":true,"href":"https:\/\/hta-trader-academy.com\/index.php?rest_route=\/wp\/v2\/users\/1"}],"replies":[{"embeddable":true,"href":"https:\/\/hta-trader-academy.com\/index.php?rest_route=%2Fwp%2Fv2%2Fcomments&post=721"}],"version-history":[{"count":14,"href":"https:\/\/hta-trader-academy.com\/index.php?rest_route=\/wp\/v2\/pages\/721\/revisions"}],"predecessor-version":[{"id":1781,"href":"https:\/\/hta-trader-academy.com\/index.php?rest_route=\/wp\/v2\/pages\/721\/revisions\/1781"}],"wp:attachment":[{"href":"https:\/\/hta-trader-academy.com\/index.php?rest_route=%2Fwp%2Fv2%2Fmedia&parent=721"}],"curies":[{"name":"wp","href":"https:\/\/api.w.org\/{rel}","templated":true}]}}