{"id":1786,"date":"2025-11-10T11:54:46","date_gmt":"2025-11-10T11:54:46","guid":{"rendered":"https:\/\/hta-trader-academy.com\/?post_type=product&#038;p=1786"},"modified":"2026-01-12T12:21:09","modified_gmt":"2026-01-12T12:21:09","slug":"orderflow-und-footprint","status":"publish","type":"product","link":"https:\/\/hta-trader-academy.com\/?product=orderflow-und-footprint","title":{"rendered":"Orderflow und Footprint"},"content":{"rendered":"<h2 class=\"\">Order Flow verstehen und professionell anwenden:\u00a0mit echten Marktdaten und klaren Setups<\/h2>\n<p>&nbsp;<\/p>\n<div class=\"h-text h-text-component style-969 style-local-1753-c8 position-relative h-element\" data-colibri-id=\"1753-c8\">\n<div class=\"\">\n<p>Der Order Flow Kurs zeigt dir, <strong>wie du den Markt auf einer ganz anderen Ebene liest,<\/strong> nicht mit Indikatoren oder Vermutungen, sondern mit echtem Verst\u00e4ndnis f\u00fcr das, was wirklich passiert.<\/p>\n<p>Du lernst, das Verhalten gro\u00dfer Marktteilnehmer zu erkennen, Volumenbewegungen richtig einzuordnen und sie gezielt f\u00fcr deine Trades zu nutzen.<br \/>\nEs geht darum, zu verstehen, <strong>warum der Markt sich bewegt<\/strong> und nicht einfach nur, dass er sich bewegt.<\/p>\n<p>Dieser Kurs ist praxisorientiert, klar aufgebaut und zeigt dir, wie du das Wissen professioneller Trader Schritt f\u00fcr Schritt in dein eigenes Trading integrierst.<br \/>\nEr ist <strong>das letzte Puzzleteil<\/strong>, nach dem Basiskurs und Market Profile Kurs, das du brauchst, um ein vollst\u00e4ndiges Verst\u00e4ndnis f\u00fcr den Markt zu bekommen. Mit diesem Kurs hast du wirklich alles, um strukturiert und professionell zu traden.<\/p>\n<h3><strong>Kursinhalt im \u00dcberblick<\/strong><\/h3>\n<p>\u2022 Fundamentales Verst\u00e4ndnis von Order Flow und Marktstruktur<br \/>\n\u2022 Wie du erkennst, was im Markt wirklich passiert<br \/>\n\u2022 Strukturierte Analyse mit Fokus auf Volumen und Verhalten<br \/>\n\u2022 Klare Strategien und Setups f\u00fcr den praktischen Einsatz<br \/>\n\u2022 Live-Meetings mit direkter Anwendung und Feedback<br \/>\n\u2022 Praxisnahe Beispiele aus dem echten Trading-Alltag<\/p>\n<h3><strong>Wichtig<\/strong><\/h3>\n<p>Der Kurs findet live in Online-Meetings statt, interaktiv, mit direkter Anwendung und Raum f\u00fcr Fragen.<br \/>\nEr ist ideal f\u00fcr Trader, die <strong>nicht mehr raten<\/strong>, sondern <strong>verstehen<\/strong> wollen, wie der Markt tats\u00e4chlich funktioniert.<\/p>\n<p>Wenn du dein Trading auf das n\u00e4chste Level bringen willst und bereit bist, den Markt so zu lesen wie die Profis, ist das dein n\u00e4chster Schritt.<\/p>\n<p>Starte jetzt und erlebe echtes Marktverst\u00e4ndnis<br \/>\nf\u00fcr <strong>5.000 CHF<\/strong><\/p>\n<\/div>\n<\/div>\n","protected":false},"excerpt":{"rendered":"<p>Order Flow verstehen und professionell anwenden:\u00a0mit echten Marktdaten und klaren Setups &nbsp; Der Order Flow Kurs zeigt dir, wie du den Markt auf einer ganz anderen Ebene liest, nicht mit Indikatoren oder Vermutungen, sondern mit echtem Verst\u00e4ndnis f\u00fcr das, was wirklich passiert. Du lernst, das Verhalten gro\u00dfer Marktteilnehmer zu erkennen, Volumenbewegungen richtig einzuordnen und sie [&hellip;]<\/p>\n","protected":false},"featured_media":1791,"comment_status":"closed","ping_status":"closed","template":"","meta":[],"product_brand":[],"product_cat":[19],"product_tag":[],"class_list":{"0":"post-1786","1":"product","2":"type-product","3":"status-publish","4":"has-post-thumbnail","6":"product_cat-live-kurse","8":"first","9":"instock","10":"virtual","11":"purchasable","12":"product-type-simple"},"jetpack_sharing_enabled":true,"_links":{"self":[{"href":"https:\/\/hta-trader-academy.com\/index.php?rest_route=\/wp\/v2\/product\/1786","targetHints":{"allow":["GET"]}}],"collection":[{"href":"https:\/\/hta-trader-academy.com\/index.php?rest_route=\/wp\/v2\/product"}],"about":[{"href":"https:\/\/hta-trader-academy.com\/index.php?rest_route=\/wp\/v2\/types\/product"}],"replies":[{"embeddable":true,"href":"https:\/\/hta-trader-academy.com\/index.php?rest_route=%2Fwp%2Fv2%2Fcomments&post=1786"}],"wp:featuredmedia":[{"embeddable":true,"href":"https:\/\/hta-trader-academy.com\/index.php?rest_route=\/wp\/v2\/media\/1791"}],"wp:attachment":[{"href":"https:\/\/hta-trader-academy.com\/index.php?rest_route=%2Fwp%2Fv2%2Fmedia&parent=1786"}],"wp:term":[{"taxonomy":"product_brand","embeddable":true,"href":"https:\/\/hta-trader-academy.com\/index.php?rest_route=%2Fwp%2Fv2%2Fproduct_brand&post=1786"},{"taxonomy":"product_cat","embeddable":true,"href":"https:\/\/hta-trader-academy.com\/index.php?rest_route=%2Fwp%2Fv2%2Fproduct_cat&post=1786"},{"taxonomy":"product_tag","embeddable":true,"href":"https:\/\/hta-trader-academy.com\/index.php?rest_route=%2Fwp%2Fv2%2Fproduct_tag&post=1786"}],"curies":[{"name":"wp","href":"https:\/\/api.w.org\/{rel}","templated":true}]}}